. What is r(-33)?
-148
Let r(j) = -j**2 - 242*j + 373497. What is r(502)?
9
Let d(w) = -991*w - 10582. Calculate d(-11).
319
Let j(y) = 19*y**3 + 153*y**2 + 565*y + 4463. What is j(-8)?
7
Let d(t) = -856*t - 29096. Give d(-34).
8
Let n(u) = 143*u - 5164. Determine n(34).
-302
Let j(k) = 3*k**3 + 266*k**2 - 1486*k + 1525. Calculate j(-94).
-167
Let f(u) = -133*u - 5131. Give f(-37).
-210
Let j(z) = 41854*z + 334868. Calculate j(-8).
36
Let a(c) = 30*c**2 + 4419*c + 1408. Give a(-147).
85
Let m(a) = -a**3 - 156*a**2 - 2111*a - 5681. What is m(-11)?
-5
Let v(r) = 7922*r - 966489. Calculate v(122).
-5
Let l(k) = 21027*k - 336412. Determine l(16).
20
Let l(v) = 3*v**3 - 99*v**2 + 23*v + 236. Determine l(33).
995
Let u(y) = -2*y**3 - 155*y**2 + 698*y + 24210. What is u(-80)?
370
Let i(a) = -2*a**2 + 112*a - 1660. What is i(31)?
-110
Let a(d) = 78*d + 23571. Calculate a(-345).
-3339
Let h(l) = 3*l**3 - 3*l**2 + 37*l - 90. Give h(2).
-4
Let v(f) = -8*f**2 - 638*f - 4566. Calculate v(-8).
26
Let l(c) = 13*c**2 + 3012*c + 50047. What is l(-18)?
43
Let i(p) = -2677*p**3 - 5*p**2 + 2*p + 4. Calculate i(1).
-2676
Let v(l) = -6*l**3 - 2455*l**2 + 4517*l - 1691. Determine v(-411).
-47
Let u(v) = -298*v - 10194. What is u(-36)?
534
Let l(u) = -2*u**3 - 88*u**2 - 8*u - 2113. Give l(-45).
2297
Let q(i) = -2*i**2 - 166*i - 1028. Determine q(-62).
1576
Let k(u) = -92748*u + 278156. Calculate k(3).
-88
Let w(r) = r**3 + 15*r**2 - 445*r - 6661. Calculate w(-21).
38
Let w(b) = 1879*b + 5317. Calculate w(-3).
-320
Let z(x) = -x**3 - 190*x**2 - 1134*x - 142503. Calculate z(-188).
1
Let f(m) = m**2 + 3409*m + 17072. Calculate f(-5).
52
Let l(o) = 492*o - 18972. What is l(39)?
216
Let j(a) = a**2 + 963*a + 219182. What is j(-369)?
-4
Let y(v) = 7470*v - 627583. What is y(84)?
-103
Let m(f) = -3420*f - 13697. Give m(-4).
-17
Let z(j) = -18*j**3 - 456*j - 914. Give z(-2).
142
Let d(t) = -11*t**3 - 168*t**2 + 8673*t + 130758. What is d(-15)?
-12
Let v(t) = 22*t**2 + 149*t - 59. What is v(-5)?
-254
Let r(z) = 6*z**3 - 44*z**2 - 215*z + 1122. Give r(9).
-3
Let m(o) = -40*o**2 - 486*o - 809. Determine m(-2).
3
Let r(x) = -709*x + 132525. What is r(187)?
-58
Let o(u) = 1537*u + 122987. Give o(-80).
27
Let p(a) = 252*a - 14983. Calculate p(59).
-115
Let q(w) = 32907*w + 164564. Calculate q(-5).
29
Let w(b) = -15*b**3 + 74*b**2 + 107*b - 15. What is w(6)?
51
Let r(i) = -3*i**2 - 1302*i + 52425. What is r(-471)?
144
Let j(h) = 7*h**3 - 223*h**2 - 33*h + 9. Calculate j(32).
-23
Let r(d) = d**3 - 832*d**2 + 150252*d + 781. What is r(265)?
-14
Let o(g) = -6*g**2 + 54677*g + 54666. What is o(-1)?
-17
Let f(j) = 21*j**2 + 3366*j - 2366. Determine f(-161).
49
Let k(n) = -124*n**2 + 3558*n + 27. Calculate k(29).
-1075
Let g(u) = 20*u**2 - 856*u - 80. Determine g(43).
92
Let b(d) = 6*d**3 + 20*d**2 - 105*d - 731. Give b(-10).
-3681
Let k(v) = -v**3 - 17*v**2 - 178*v - 1561. Determine k(-13).
77
Let v(t) = 54*t - 3534. Determine v(54).
-618
Let d(g) = -18*g + 3142. Determine d(36).
2494
Let u(k) = -k**3 - 166*k**2 - 823*k - 28334. Give u(-162).
16
Let z(x) = 63*x**2 + 3905*x - 4040. What is z(-63)?
-8
Let u(j) = 2*j**3 + 72*j**2 + 647*j. Give u(-17).
-17
Let g(s) = 4*s**3 - 7*s**2 - 236*s - 135. Determine g(-7).
-198
Let c(h) = -950*h + 250731. What is c(264)?
-69
Let f(t) = 40*t + 840. Calculate f(-18).
120
Let c(h) = 1088*h + 65282. Calculate c(-60).
2
Let b(u) = 527*u - 33700. Calculate b(64).
28
Let k(f) = 2*f**3 + 79*f**2 + 487*f - 162. Determine k(-32).
-386
Let q(y) = -2*y**3 - 18*y**2 + 1380*y + 8. Calculate q(22).
360
Let h(p) = -16232*p - 876528. Calculate h(-54).
0
Let n(c) = -379*c - 23688. Calculate n(-60).
-948
Let a(x) = -x**3 - 26*x**2 - 5563*x + 16955. Calculate a(3).
5
Let l(j) = -41814*j + 250877. What is l(6)?
-7
Let h(c) = -10*c**2 - 4892*c - 4889. Determine h(-1).
-7
Let c(k) = -8*k**3 - 2*k**2 + 101*k - 490. Calculate c(6).
-1684
Let r(x) = 27*x**3 + 2295*x**2 - 7*x - 566. Give r(-85).
29
Let l(z) = -16*z**2 - 202*z - 103. Calculate l(-6).
533
Let u(s) = -s**3 - 1223*s**2 + 13640*s - 715. Determine u(11).
11
Let i(b) = -b**3 - 19*b**2 + 169*b - 36. What is i(0)?
-36
Let q(a) = -6*a**3 + 48*a**2 - 16*a + 50. Calculate q(5).
420
Let f(v) = 10466*v + 293031. What is f(-28)?
-17
Let k(f) = -53498*f - 374485. Calculate k(-7).
1
Let u(o) = -12*o**3 - 3526*o**2 + 578*o - 2864. Give u(-294).
76
Let j(z) = 111*z + 89490. Give j(-807).
-87
Let g(p) = -123270*p + 1355967. Calculate g(11).
-3
Let v(r) = -r**2 - 476*r - 7402. Calculate v(-16).
-42
Let s(u) = -u**3 + 14*u**2 + 2788*u + 1219. What is s(-46)?
-69
Let p(j) = -3*j**2 - 194*j + 1261. Determine p(6).
-11
Let x(a) = -a**3 + 46*a**2 - 26*a + 5617. What is x(48)?
-239
Let c(d) = 2*d**3 - 92*d**2 + 217*d - 1792. What is c(44)?
12
Let h(k) = -2*k**3 + 332*k**2 - 338*k + 3. Give h(1).
-5
Let x(y) = y**3 - 170*y**2 + 6542*y - 253. Give x(111).
-1030
Let s(m) = m**2 + 1415*m - 33073. What is s(23)?
1
Let w(u) = -u**3 - 23*u**2 - 17*u - 732. Give w(-24).
252
Let m(r) = -79190*r - 475144. Determine m(-6).
-4
Let b(z) = 481*z + 160147. Give b(-333).
-26
Let y(q) = -q**3 + 28*q**2 - 118*q - 22. Determine y(5).
-37
Let i(m) = 810*m + 94786. What is i(-117)?
16
Let q(j) = -6*j**3 + 10*j**2 + 113*j + 272. What is q(-3)?
185
Let r(o) = 64*o**2 - 48*o + 154. What is r(3)?
586
Let z(b) = -2*b**2 + 253*b + 60258. Determine z(248).
-6
Let i(g) = -389*g + 2050. Calculate i(6).
-284
Let j(b) = -3*b**3 - 102*b**2 + 6*b + 132. What is j(-34)?
-72
Let f(b) = -106*b**2 - 332*b + 1717. Calculate f(5).
-2593
Let k(o) = -o**3 - 24*o**2 + 43*o + 2762. What is k(-17)?
8
Let i(l) = 2*l**3 - 4*l**2 + 5*l + 3. Calculate i(9).
1182
Let m(i) = 2453*i + 82741. Calculate m(-34).
-661
Let g(l) = 150*l**2 - 1751*l - 578. What is g(12)?
10
Let f(z) = 1659*z + 58108. Calculate f(-35).
43
Let l(i) = -1594*i**2 - 409660*i - 505. What is l(-257)?
9
Let n(w) = 20*w**3 + 74*w**2 + 16*w + 164. What is n(-4)?
4
Let m(y) = -1392*y - 783. Give m(0).
-783
Let i(x) = x**3 + 2053*x**2 - 58268*x + 10. Calculate i(28).
10
Let i(y) = 43607*y - 87402. Calculate i(2).
-188
Let b(v) = -v**3 + 137*v**2 + 593*v - 4633. Calculate b(141).
-544
Let s(i) = -141*i**2 - 25522*i - 177. Give s(-181).
4
Let s(c) = -3*c**3 - 43*c**2 - 14*c - 78. Calculate s(-14).
-78
Let w(o) = 438*o**2 + 5576*o - 141. What is w(-13)?
1393
Let k(v) = v**2 + 953*v + 200302. Calculate k(-640).
-18
Let g(p) = 121*p**3 - 6889*p**2 - 452*p + 140. Give g(57).
368
Let m(x) = -3849*x + 304090. Calculate m(79).
19
Let q(r) = -3*r**3 - 75*r**2 + 152*r + 1848. Calculate q(-26).
-76
Let x(v) = -2004*v - 432866. What is x(-216)?
-2
Let u(y) = -3198*y**2 - 3*y + 1. Calculate u(1).
-3200
Let w(h) = -37*h**2 + 5439*h - 16. Give w(147).
-16
Let c(g) = 32288*g + 1130091. Calculate c(-35).
11
Let t(u) = 1055182*u**2 - 6331092*u + 3. Calculate t(6).
3
Let m(n) = n**3 - 9*n**2 - 11*n + 6. Determine m(-3).
-69
Let h(k) = 2*k**3 + 95*k**2 + 171*k + 1551. Determine h(-46).
33
Let z(y) = 3*y**3 + 601*y**2 + 194*y - 1187. Determine z(-200).
13
Let i(t) = 784*t - 3629. What is i(6)?
1075
Let h(v) = -15*v**2 + 561*v - 361. Give h(37).
-139
Let r(w) = -30*w**2 - 2093*w + 53878. Give r(20).
18
Let p(g) = 10*g**2 - 3426*g - 4905. What is p(344)?
-89
Let h(q) = -q**3 - 207*q**2 + 840*q + 22. Give h(4).
6
Let x(h) = -2*h**3 - 77*h**2 - 132*h - 3662. Determine x(-38).
-90
Let l(v) = -56*v**3 - 281*v**2 + 4746*v + 23764. Calculate l(-5).
9
Let k(o) = -27*o**2 - 11165*o - 38953. What is k(-410)?
-3
Let c(b) = b**3 - 212*b**2 + 2897*b + 11444. Calculate c(197).
18
Let z(x) = -3734*x - 899903. What is z(-241)?
-9
Let k(n) = 67*n + 4441. Calculate k(-67).
-48
Let d(a) = -11*a**3 - 5*a**2 - 86*a - 270. Give d(-5).
1410
Let x(j) = -5*j**2 - 370*j - 6843. Calculate x(-38).
-3
Let k(i) = -2*i**2 - 20*i + 1. Determine k(7).
-237
Let d(t) = -4405*t + 105154. What is d(24)?
-566
Let s(m) = -1809285*m + 12. What is s(0)?
12
Let y(b) = 3691*b - 129054. Calculate y(35).
131
Let z(l) = -58*l - 541. What is z(-21)?
677
Let m(v) = -v**3 + 157*v**2 - 2010*v + 112. Calculate m(14).
0
Let y(l) = 2*l**2 + 81509*l - 1059961. Give y(13).
-6
Let r(o) = 1203*o - 47193. What is r(39)?
-276
Let z(l) = l**3 - 18*l**2 + 843*l - 12914. Determine z(16).
62
Let a(k) 